{"id":43,"date":"2015-07-07T15:40:16","date_gmt":"2015-07-07T13:40:16","guid":{"rendered":"http:\/\/www.anitamanatschal.com\/?page_id=43"},"modified":"2026-03-30T17:32:08","modified_gmt":"2026-03-30T15:32:08","slug":"publications","status":"publish","type":"page","link":"https:\/\/www.anitamanatschal.com\/?page_id=43","title":{"rendered":"Publications"},"content":{"rendered":"<p>You can download a detailed list of my publications including work in progress <a href=\"http:\/\/www.anitamanatschal.com\/wp-content\/uploads\/2026\/01\/publications_AManatschal.pdf\">here<\/a>.<\/p>\n<p><strong>Monographs<\/strong><\/p>\n<p>FREITAG, Markus, Anita MANATSCHAL, Kathrin ACKERMANN\u00a0and Maya ACKERMANN\u00a0(2016) <a href=\"https:\/\/www.seismoverlag.ch\/fr\/daten\/freiwilligen-monitor-schweiz-2016\/\">Freiwilligen-Monitor Schweiz 2016<\/a>. Z\u00fcrich: Seismo.<\/p>\n<p>MANATSCHAL, Anita (2013) <a href=\"https:\/\/www.nomos-shop.de\/nomos\/titel\/kantonale-integrationspolitik-im-vergleich-id-76625\/\">Kantonale Integrationspolitik im Vergleich. Eine Untersuchung der Determinanten und Auswirkungen subnationaler Politikvielfalt<\/a>. Baden-Baden: Nomos.<\/p>\n<p style=\"padding-left: 30px;\">book review in the <em><a href=\"http:\/\/www.anitamanatschal.com\/wp-content\/uploads\/2015\/07\/NZZ-Buchbesprechung-Diss.pdf\">Neue Z\u00fcrcher Zeitung<\/a><\/em><\/p>\n<p style=\"padding-left: 30px;\">book review in the <em><a href=\"http:\/\/www.anitamanatschal.com\/wp-content\/uploads\/2015\/07\/Helbling-2015-SPSR-book-review.pdf\">Swiss Political Science Review<\/a><\/em>\u00a0(by Marc Helbling)<\/p>\n<p>MANATSCHAL, Anita (2008) Demokratiedebatte zwischen Islamismus, S\u00e4kularismus und Reformdenken. Eine Untersuchung von Vorschl\u00e4gen zeitgen\u00f6ssischer Intellektueller aus dem islamischen Raum. Saarbr\u00fccken: VDM Verlag.<\/p>\n<p><strong>Special Issues (peer reviewed)<\/strong><\/p>\n<p>MANATSCHAL, Anita, Verena WISTHALER, and Christina ZUBER (2020). <a href=\"https:\/\/www.tandfonline.com\/doi\/full\/10.1080\/00343404.2020.1808882\">Making regional citizens? The political drivers and effects of subnational immigrant integration policies in Europe and North America<\/a>, <em>Regional Studies,<\/em> 54(11).<\/p>\n<p><strong>Journal Articles (peer-reviewed)<\/strong><\/p>\n<p>MANATSCHAL, Anita, Valon HASANAJ, Didier RUEDIN, and Lisa Marie BORRELLI (2026). <a href=\"https:\/\/doi.org\/10.1186\/s40878-026-00536-5\">Migrantization of mobile EU citizens? Assessing the impact of political reception contexts on bureaucratic discrimination<\/a>. <em>Comparative Migration Studies<\/em>.\u00a0<\/p>\n<p>G\u00d3MEZ D\u00cdAZ, Jana, Eva THOMANN, Anita MANATSCHAL, and Xavier FERN\u00c1NDEZ-I-MAR\u00cdN (2026). <a href=\"https:\/\/doi.org\/10.1177\/14651165261423087\">Identity- versus effort-based bureaucratic discrimination among mobile European Union citizens: Evidence from conjoint experiments<\/a>. <em>European Union Politics<\/em> online view.<\/p>\n<p>RAPP, Carolin, Anita MANATSCHAL, Oliver JAMES, Xavier FERN\u00c1NDEZ-I-MAR\u00cdN, and Christian ADAM (2025). <a href=\"https:\/\/doi.org\/10.1111\/pops.70101\">The effects of perspective-taking on multiple dimensions of discrimination: Can one size fit all<\/a>? <em>Political Psychology<\/em> online first.<\/p>\n<p>GANDENBERGER, Mia Katharina, Beyza BUYUKER, Anita MANATSCHAL, and Alexandra FILINDRA (2025). <a href=\"https:\/\/doi.org\/10.3389\/fsoc.2025.1520889\">Are immigrants allowed to criticize the government? Ingroup identity, economic threat, and majority group support for immigrant civil liberties in the US, Switzerland, and Turkey<\/a>. <em>Frontiers in Sociology<\/em> 10: 1520889. [<a href=\"https:\/\/osf.io\/r7tz5\/overview\">code and replication material<\/a>]<\/p>\n<p>MICHEL, Elie, Anita MANATSCHAL, and Eva G. T. GREEN (2024). <a href=\"https:\/\/academic.oup.com\/ijpor\/article\/36\/3\/edae036\/7734081\">Explaining support for border closures during the Covid-19 pandemic: exposure, political attitudes, or pandemic policy feedback?<\/a> <em>International Journal of Public Opinion Research<\/em>, 36(3): edae036.<\/p>\n<p style=\"padding-left: 40px;\">See also <a href=\"https:\/\/nccr-onthemove.ch\/wp_live14\/wp-content\/uploads\/2025\/06\/Policy-Brief-nccr-on-the-move-25-EN-Web.pdf\">NCCR policy brief<\/a> on this study<\/p>\n<p>V\u00c9TOIS, Matthieu E., Katrin SONTAG, Anita MANATSCHAL, Nelida PLANAMENTE, Jinhee KIM, and Juan Manuel FALOMIR-PICHASTOR (2024). <a href=\"https:\/\/doi.org\/10.1177\/01979183231208429\">Overcoming Social Interactions Stress during COVID-19 Lockdown: The Role of Individuals&#8216; Mobility and Online Emotional Support<\/a>. <em>International Migration Review,<\/em> 58(2): 593-618.<\/p>\n<p>BENNOUR, Salomon, Anita MANATSCHAL, Didier RUEDIN (2022). <a href=\"https:\/\/www.tandfonline.com\/doi\/full\/10.1080\/1369183X.2022.2098468\">How political reception contexts shape location decisions of immigrants<\/a>, <em>Journal of Ethnic and Migration Studies, <\/em>48(19): 4730-4753. [<a href=\"https:\/\/zenodo.org\/record\/6965553#.YvZACPjP2Ul\">conjoint data<\/a>]\u00a0<\/p>\n<p>BENNOUR, Salomon and Anita MANATSCHAL (2022). <a href=\"https:\/\/onlinelibrary.wiley.com\/doi\/full\/10.1111\/spsr.12515\">Voting with Their Feet by Staying? The Political Drivers of Noncitizens&#8216; (Im-)mobility<\/a>, <em>Swiss Political Science Review<\/em>, 28(3): 536-556.<\/p>\n<p>PECORARO, Marco, Anita MANATSCHAL, Eva G.T. GREEN, and Philippe WANNER (2022). <a href=\"https:\/\/doi.org\/10.1111\/imig.12967\">How effective are integration policy reforms? The case of asylum-related migrants<\/a>, <em>International Migration<\/em>, 60(6): 95-110.<\/p>\n<p style=\"padding-left: 40px;\">See also <a href=\"https:\/\/nccr-onthemove.ch\/wp_live14\/wp-content\/uploads\/2021\/02\/Policy-Brief-nccr-on-the-move-19-EN-Web.pdf\">NCCR policy brief<\/a> on this study<\/p>\n<p>KENDE, Judit, Oriane SARRASIN, Anita MANATSCHAL, Karen PHALET, Eva G. T. GREEN (2022) <a href=\"https:\/\/doi.org\/10.1037\/pspi0000376\">Policies and prejudice: integration policies moderate the link between immigrant presence and anti-immigrant prejudice<\/a>, <em>Journal of Personality and Social Psychology<\/em>, 123(2): 337\u2013352. [<a href=\"https:\/\/osf.io\/j5h4e\/?view_only=5b6652ff0bd14db9ad096326dcbf8ed7\">code and replication material]<\/a>\u00a0<\/p>\n<p style=\"padding-left: 40px;\">See also <a href=\"https:\/\/nccr-onthemove.ch\/wp_live14\/wp-content\/uploads\/2022\/01\/Policy-Brief-nccr-on-the-move-21-EN-Web.pdf\">NCCR policy brief<\/a> on this study<\/p>\n<p>POLITI, Emanuele, Salomon BENNOUR, Adrian LUEDERS, Anita MANATSCHAL, Eva G.T. GREEN (2022)<a href=\"https:\/\/onlinelibrary.wiley.com\/doi\/full\/10.1111\/pops.12771\"> Where and Why Immigrants Intend to Naturalize: The Interplay Between Acculturation Strategies and Integration Policies<\/a>. <em>Political Psychology,<\/em> 43(3): 437-455.<\/p>\n<p>FERN\u00c1NDEZ-I-MAR\u00cdN, Xavier, Carolin RAPP, Christian ADAM, Oliver JAMES, Anita MANATSCHAL (2021) <a href=\"https:\/\/journals.sagepub.com\/doi\/pdf\/10.1177\/14651165211037208\">Discrimination against mobile European Union citizens before and during the first COVID-19 lockdown: Evidence from a conjoint experiment in Germany<\/a>, <em>European Union Politics<\/em>, 22(4): 741\u2013761.\u00a0 \u00a0 \u00a0 <a href=\"https:\/\/osf.io\/aycwt\/\">[code and replication material]<\/a><\/p>\n<p>ADAM, Christian, Xavier FERN\u00c1NDEZ-I-MAR\u00cdN, Oliver JAMES, Anita MANATSCHAL, Carolin RAPP, and Eva THOMANN (2021) <a href=\"https:\/\/www.tandfonline.com\/doi\/full\/10.1080\/13501763.2021.1912144?src=\">Differential discrimination against mobile EU citizens: experimental evidence from bureaucratic choice settings<\/a>, <em>Journal of European Public Policy<\/em>, 28(5): 742-760. [<a href=\"http:\/\/xavier-fim.net\/articles\/jepp-2021\">code and replication material]<\/a><\/p>\n<p>MANATSCHAL, Anita (2021) <a href=\"https:\/\/comparativemigrationstudies.springeropen.com\/articles\/10.1186\/s40878-020-00216-y\">The integrative force of political institutions? Direct democracy and voter turnout across ethnic and nativity groups<\/a>, <em>Comparative Migration Studies, <\/em>9(1).<\/p>\n<p>MANATSCHAL, Anita, Verena WISTHALER, and Christina ZUBER (2020). <a href=\"https:\/\/www.tandfonline.com\/doi\/full\/10.1080\/00343404.2020.1808882\">Making regional citizens? The political drivers and effects of subnational immigrant integration policies in Europe and North America<\/a>, <em>Regional Studies,<\/em> 54(11): 1475-1485.<\/p>\n<p>FILINDRA, Alexandra and Anita MANATSCHAL (2020) <a href=\"https:\/\/www.tandfonline.com\/doi\/full\/10.1080\/00343404.2019.1610167\">Coping with a changing integration policy context: American state policies and their effects on immigrant political engagement<\/a>, <em>Regional Studies<\/em>, 54(11): 1546-1557.<\/p>\n<p>ACKERMANN, Kathrin and Anita MANATSCHAL (2018)\u00a0<a href=\"https:\/\/journals.sagepub.com\/doi\/full\/10.1177\/1461444818775698\">Online volunteering as a means to overcome unequal participation? The profiles of online and offline volunteers compared<\/a>, <em>New Media &amp; Society<\/em>, 20(12): 4453\u20134472.<\/p>\n<p>GUNDELACH, Birte and Anita MANATSCHAL (2017)<a href=\"http:\/\/psx.sagepub.com\/content\/early\/2016\/07\/14\/0032321716644613.abstract\">\u00a0Ethnic Diversity, Social Trust and the Moderating Role of Subnational Integration Policy<\/a>, <em>Political Studies<\/em>, 65(2): 413\u2013431.<\/p>\n<p>MANATSCHAL, Anita and Julian BERNAUER\u00a0(2016) <a href=\"http:\/\/www.tandfonline.com\/doi\/full\/10.1080\/01402382.2015.1046669#.VaAygPntmko\">Consenting to Exclude? Empirical Patterns of Democracy and Immigrant Integration Policy<\/a>, <em>West European Politics<\/em>,\u00a039(2): 183-204.<\/p>\n<p>THOMANN, Eva and Anita MANATSCHAL (2016) <a href=\"http:\/\/link.springer.com\/article\/10.1007\/s11077-015-9233-x\">Identifying context and cause in small-N settings: a comparative multilevel analysis<\/a>, <em>Policy Sciences<\/em>, 49(3): 335-348.<\/p>\n<p>MANATSCHAL, Anita (2015) <a href=\"http:\/\/asj.sagepub.com\/content\/early\/2015\/04\/09\/0001699315579923.abstract\">Reciprocity as a trigger of social cooperation in contemporary immigration societies? <\/a><em>Acta Sociologica<\/em>, 58(3): 233-248.<\/p>\n<p>MANATSCHAL, Anita (2015)<a href=\"http:\/\/onlinelibrary.wiley.com\/doi\/10.1111\/spsr.12148\/abstract\"> Switzerland \u2013 Really Europe\u2019s Heart of Darkness<\/a><em><a href=\"http:\/\/onlinelibrary.wiley.com\/doi\/10.1111\/spsr.12148\/abstract\">?<\/a> Swiss Political Science Review<\/em>, 21(1): 23-35.<\/p>\n<p>MANATSCHAL, Anita and Markus FREITAG (2014) <a href=\"http:\/\/rss.sagepub.com\/content\/26\/2\/208.abstract\">Reciprocity and Volunteering<\/a>, <em>Rationality and Society<\/em>, 26(2): 208-235.<\/p>\n<p>MANATSCHAL, Anita and Isabelle STADELMANN-STEFFEN (2014) <a href=\"http:\/\/www.tandfonline.com\/doi\/abs\/10.1080\/1369183X.2013.830496#.VaAzF_ntmko\">Do Integration Policies Affect Immigrants\u2019 Voluntary Engagement? An Exploration at Switzerland\u2019s Subnational Level<\/a>, \u00a0<em>Journal of Ethnic and Migration Studies<\/em> 40(3-4): 404-423.<\/p>\n<p>MANATSCHAL, Anita and Isabelle STADELMANN-STEFFEN (2013)<a href=\"http:\/\/www.palgrave-journals.com\/cep\/journal\/v11\/n5\/abs\/cep201316a.html\"> Cantonal variations of integration policy and their impact on immigrant educational inequality<\/a>, in: Vink, Maarten and Marc Helbling: \u201cThe Use and Misuse of Policy Indices in the Domain of Citizenship and Integration\u201d. Special issue of <em>Comparative European Politics<\/em> 11(5): 671-695<\/p>\n<p>MANATSCHAL, Anita (2012) <a href=\"http:\/\/www.tandfonline.com\/doi\/abs\/10.1080\/01419870.2011.573221#.VaAzlvntmko\">Path Dependent or Dynamic? Cantonal Integration Policies between Regional Citizenship Traditions and Right Populist Party Politics<\/a>, <em>Ethnic and Racial Studies <\/em>35(2): 281-297.<\/p>\n<p>MANATSCHAL, Anita (2011) <a href=\"http:\/\/onlinelibrary.wiley.com\/doi\/10.1111\/j.1662-6370.2011.02027.x\/abstract\">Taking Cantonal Variations of Integration Policy Seriously &#8211; or How to Validate International Concepts at the Subnational Comparative Level<\/a>, <em>Swiss Political Science Review<\/em> 17(3): 336-357.<\/p>\n<p><strong>Journal Articles (non peer-reviewed)<\/strong><\/p>\n<p>MANATSCHAL, Anita (2015) Welche Integrationspolitik braucht die Schweiz? Asyl 3\/15: 10-12.<\/p>\n<p>MANATSCHAL, Anita (2011) <a href=\"http:\/\/www.terra-cognita.ch\/fileadmin\/user_upload\/terracognita\/documents\/terra_cognita_19.pdf\">Integrationspolitik \u2013 Messwerte belegen den \u201eR\u00f6stigraben\u201c<\/a>, <em>terra cognita <\/em>19: 44-47.<\/p>\n<p>DLABAC, Oliver; KR\u00d6MLER, Oliver and Anita MANATSCHAL (2011) <a href=\"http:\/\/edudoc.ch\/record\/98291\/files\/polis_04.pdf\">Politik \u2013 Ein Kinderspiel\u00a0? Ein Experiment zur Ermittlung der politischen Pr\u00e4ferenz von Kindern<\/a>, <em>Polis, das Magazin f\u00fcr politische Bildung<\/em>, No. 4, 12-14.<\/p>\n<p>MANATSCHAL, Anita (2010) <a href=\"https:\/\/www.eda.admin.ch\/dam\/eda\/mehrsprachig\/documents\/publications\/Politorbis\/politorbis-48_FR.pdf\">\u201eF\u00e9minisme d\u2019\u00c9tat Tunisien\u201c: 50 ans plus tard, la situation des Tunisiennes<\/a>, <em>Politorbis<\/em>, No. 48, 43-4.<\/p>\n<p><strong>Book chapters<\/strong><\/p>\n<p>MANATSCHAL, Anita (2023). Integration Policy. In <em>The Oxford Handbook of Swiss Politics<\/em>, edited by Patrick Emmenegger, Flavia Fossati, Silja H\u00e4usermann, Yannis Papadopoulos, Pascal Sciarini and Adrian Vatter. New York: Oxford University Press, 677\u2013694.<\/p>\n<p>MANATSCHAL, Anita (2022) <a href=\"http:\/\/www.anitamanatschal.com\/wp-content\/uploads\/2022\/07\/Manatschal_2022_Framing_matters.pdf\">Framing Matters: Pathways between Policies, Immigrant Integration, and Native Attitudes<\/a>. In: Crepaz, Markus (ed.): <em>The Handbook on Migration and Welfare<\/em>. Cheltenham: Edward Elgar Publishing, 195-209.<\/p>\n<p>LAVENEX, Sandra, and Anita MANATSCHAL (2022) <a href=\"http:\/\/www.anitamanatschal.com\/wp-content\/uploads\/2022\/09\/Lavenex_Manatschal_2022_Migrationspolitik.pdf\">Migrationspolitik<\/a>. In: Papadopoulos, Yannis, Pascal Sciarini, Adrian Vatter, Silja H\u00e4usermann, Patrick Emmenegger and Flavia Fossati (eds.): <em>Handbuch der Schweizer Politik. <\/em><em>Manuel der la politique suisse<\/em>. Z\u00fcrich: NZZ Verlag, 857-882. \u00a0<\/p>\n<p>BENNOUR, Salomon, and Anita MANATSCHAL (2019) <a href=\"https:\/\/link.springer.com\/chapter\/10.1007\/978-3-030-05671-1_8\">Immigrants\u2019 Feelings of Attachment to Switzerland: Does the Cantonal Context Matter? <\/a>In: Steiner, Ilka and Philippe Wanner (eds.):\u00a0<em><a href=\"https:\/\/link.springer.com\/book\/10.1007%2F978-3-030-05671-1\">Migrants and Expats: The Swiss Migration and Mobility Nexus<\/a><\/em>. Cham: Springer Open, 189-220.<\/p>\n<p>STADELMANN-STEFFEN, Isabelle and Anita MANATSCHAL (2016) Freiwilligent\u00e4tigkeit in der Schweiz \u2013empirische Evidenz aus dem Schweizer Freiwilligen-Monitor. In: Budowksi, Monica und Michael Nollert (eds.): <em>Unbezahlt und dennoch Arbeit<\/em>. Z\u00fcrich: Seismo, 207-232.<\/p>\n<p><span class=\" mobile-undersized-upper\">MANATSCHAL, Anita and Carolin RAPP (2015) Welche Schweizer w\u00e4hlen die SVP und warum? In: Freitag, Markus and Adrian Vatter (eds.):\u00a0<\/span><span class=\" mobile-undersized-upper\">Wahlen und W\u00e4hlerschaft in der Schweiz<\/span><span class=\" mobile-undersized-upper\">. Z\u00fcrich: NZZ Verlag, 187-216.<\/span><\/p>\n<p>LAVENEX, Sandra and Anita MANATSCHAL (2014) Migrationspolitik. In: Knoepfel, Peter et al. (eds.) <em>Handbuch der Schweizer Politik.<\/em> Z\u00fcrich: NZZ Verlag, 671-694.<\/p>\n<p>Freitag, Markus und Anita Manatschal (2014) Unbezahlt, aber unbezahlbar: Freiwilliges Engagement als soziales Kapital der Schweiz. In: Freitag, Markus (ed.): Das soziale Kapital der Schweiz. Z\u00fcrich: NZZ Verlag, 115-146.<\/p>\n<p>Freitag, Markus und Anita Manatschal (2014) &#8222;Auge um Auge, Zahn um Zahn&#8220;? Die Norm der Gegenseitigkeit als soziales Kapital der Schweiz. In: Freitag, Markus (ed.): Das soziale Kapital der Schweiz. Z\u00fcrich: NZZ Verlag, 181-211.<\/p>\n<p>MANATSCHAL Anita (2014) Swiss Immigration Federalism. In: Baglay, Sasha and Delphine Nakache (eds.):\u00a0<em>Immigration Regulation in Federal States: Challenges and Responses in Comparative Perspective<\/em><em>. <\/em>London etc.: Springer, 179-198.<\/p>\n<p><strong>Blogposts and policy briefs<\/strong><\/p>\n<p>Manatschal, Anita (2024) <a href=\"https:\/\/nccr-onthemove.ch\/blog\/stimmrecht-fur-auslanderinnen-ja-oder-nein-macht-es-uberhaupt-einen-unterschied\/?lang=fr&amp;utm_campaign=shareaholic&amp;utm_medium=twitter&amp;utm_source=socialnetwork&amp;s=09.\">Stimmrecht f\u00fcr Ausl\u00e4nder*innen ja oder nein: macht es \u00fcberhaupt einen Unterschied?<\/a> <em>NCCR on the move blog series<\/em> on non-citizen voting rights.<\/p>\n<p>Kende, Judit, Oriane Sarrasin, Anita Manatschal, Karen Phalet, and Eva G. T. Green (2022) <a href=\"https:\/\/nccr-onthemove.ch\/knowledge-transfer\/policy-briefs\/many-immigrants-endowed-with-equal-rights-a-recipe-against-xenophobia-despite-high-immigrant-presence\/\">Many Immigrants Endowed With Equal Rights, a Recipe Against Xenophobia Despite High Immigrant Presence?<\/a> <em>NCCR policy brief<\/em> in a nutshell #21.<\/p>\n<p>ADAM, Christian, Xavier FERNANDEZ-I-MARIN, Oliver JAMES, Anita MANATSCHAL, Carolin RAPP, and Eva THOMANN (2021) <a href=\"https:\/\/blogs.lse.ac.uk\/europpblog\/2021\/07\/23\/same-legal-status-but-unequal-treatment-bureaucratic-discrimination-against-mobile-eu-citizens\/\">Same legal status but unequal treatment: Bureaucratic discrimination against mobile EU citizens<\/a>. 3 August 2021, <em>LSE blog<\/em>.<\/p>\n<p style=\"padding-left: 40px;\"><a href=\"https:\/\/nccr-onthemove.ch\/blog\/same-legal-status-but-unequal-treatment-bureaucratic-discrimination-against-mobile-eu-citizens\/?lang=fr\">reprint<\/a> as <em>NCCR on the move Blog, <\/em>7 September 2021.<\/p>\n<p style=\"padding-left: 40px;\"><a href=\"https:\/\/www.defacto.expert\/2021\/10\/21\/gleicher-rechtsstatus-aber-ungleiche-behandlung-buerokratische-diskriminierung-von-mobilen-eu-buergerinnen-und-buergern\/\">reprint in German<\/a> on <em>DeFacto<\/em>, 21 October 2021.<\/p>\n<p>MANATSCHAL, Anita, Eva G.T. GREEN, Marco PECORARO, and Philippe WANNER (2021) <a href=\"https:\/\/nccr-onthemove.ch\/knowledge-transfer\/policy-briefs\/how-effective-are-integration-policy-reforms-for-asylum-related-migrants\/\">How Effective Are Integration Policy Reforms for Asylum-Related Migrants?<\/a> <em>NCCR policy brief<\/em> in a nutshell #19.<\/p>\n<p>MANATSCHAL, Anita and Katrin SONTAG (2020) <a href=\"https:\/\/blog.nccr-onthemove.ch\/blog-series-social-cohesion-beyond-the-nation-state\/?lang=fr\">Editorial<\/a> to <em>NCCR on the move blog series \u201cSocial Cohesion Beyond the Nation State?\u201d<\/em><\/p>\n<p>FALOMIR-PICHASTOR, Juan, GREEN, Eva G.T. and Anita MANATSCHAL (2020)<a href=\"https:\/\/blog.nccr-onthemove.ch\/social-cohesion-and-intergroup-attitudes-the-role-of-social-norms\/?lang=fr\"> Social Cohesion and Intergroup Attitudes: The Role of Social Norms<\/a>. <em>NCCR on the move blog series <\/em><em>\u201cSocial Cohesion Beyond the Nation State?<\/em>\u201d<\/p>\n<p>MANATSCHAL, Anita (2017) <a href=\"http:\/\/blog.nccr-onthemove.ch\/welchen-nutzen-bringt-staatsbuergerschaft\/?lang=de\">Warum eine Einb\u00fcrgerung f\u00fcr die dritte Ausl\u00e4ndergeneration wichtig ist<\/a>. 19 January 2017, <em>NCCR\u00a0 on the move Blog.<\/em><\/p>\n<p style=\"padding-left: 30px;\"><a href=\"http:\/\/www.defacto.expert\/2017\/01\/23\/nutzen-staatsbuergerschaft\/\">reprint<\/a> on<em> DeFacto<\/em>, 23 January 2017.<\/p>\n<p>MANATSCHAL, Anita and Julian BERNAUER (2017) <a href=\"http:\/\/www.defacto.expert\/2016\/02\/23\/rechtspopulismus-und-integrationspolitik\/\">Rechtspopulismus und Migration: Hunde die bellen, beissen nicht?<\/a> 23 January 2016, <em>DeFacto<\/em>.<\/p>\n<p>MANATSCHAL, Anita (2011) <a href=\"http:\/\/eudo-citizenship.eu\/citizenship-forum\/380-which-indicators-are-most-useful-for-comparingcitizenship-policies?start=6\">On the relevance of comprehensive comparative analyses at the Subnational level. <\/a>Contribution to the <em>EUDO Citizenship Forum <\/em>debate launched by Marc Helbling.<\/p>\n<p><strong>Book Reviews, Working Papers<\/strong><\/p>\n<p>PECORARO, Marco, Anita MANATSCHAL, Eva G.T. GREEN, and Philippe WANNER (2019) <a href=\"https:\/\/ideas.repec.org\/p\/irn\/wpaper\/19-08.html\">Does integration policy improve labour market, sociocultural and psychological adaptation of asylum-related immigrants? Evidence from Sri Lankans in Switzerland.\u00a0<\/a> <em>IRENE working paper 19-08<\/em>.<\/p>\n<p>(2014) Katharina F\u00fcglister, \u201cPolicy Laboratories of the Federal State? The Role of Intergovernmental Cooperation in Health Policy Diffusion in Switzerland\u201d, <em>Swiss Political Science Review<\/em>, 20(3), 509-511.<\/p>\n<p>MANATSCHAL, Anita (2011) On the relevance of comprehensive comparative analyses at the subnational level, in Baub\u00f6ck, Rainer and Marc Helbling (eds.): \u201cWhich indicators are most useful for comparing citizenship policies?\u201d <em>EUI working paper 54, Robert Schuman Centre of Advanced Studies<\/em>, 27-29.<\/p>\n<p>(2010) Damir Skenderovic, \u201cThe radical right in Switzerland: continuity and change, 1945-2000\u201d, <em>Acta Politica<\/em> 45(3), 374-377.<\/p>\n<p>MANATSCHAL, Anita (2010) Integration Policies in Federal Settings: Assessing the Impact of Exclusionary Citizenship Conceptions on Cantonal Integration Policies, <em>CIS Working Paper<\/em>, No 55.<\/p>\n<p><strong>Mandated Research Reports<\/strong><\/p>\n<p>MANATSCHAL, Anita and Eva THOMANN (2011) <a href=\"http:\/\/www.bag.admin.ch\/transplantation\/00694\/01739\/index.html?lang=de\">Vergleich des Organspendewesens in der Schweiz und Spanien<\/a>. Studie im Auftrag der Sektion Transplantation des Bundesamtes f\u00fcr Gesundheit. Bern,\u00a0Institut f\u00fcr Politikwissenschaft und B\u00fcro Vatter AG.<\/p>\n\n\n<p><\/p>\n","protected":false},"excerpt":{"rendered":"<p>You can download a detailed list of my publications including work in progress here. Monographs FREITAG, Markus, Anita MANATSCHAL, Kathrin ACKERMANN\u00a0and Maya ACKERMANN\u00a0(2016) Freiwilligen-Monitor Schweiz 2016. Z\u00fcrich: Seismo. MANATSCHAL, Anita (2013) Kantonale Integrationspolitik im Vergleich. Eine Untersuchung der Determinanten und Auswirkungen subnationaler Politikvielfalt. Baden-Baden: Nomos. book review in the Neue Z\u00fcrcher Zeitung book review in&hellip; <\/p>\n<p class=\"toivo-read-more\"><a href=\"https:\/\/www.anitamanatschal.com\/?page_id=43\" class=\"more-link\">Read more <span class=\"screen-reader-text\">Publications<\/span><\/a><\/p>\n","protected":false},"author":1,"featured_media":0,"parent":0,"menu_order":0,"comment_status":"closed","ping_status":"closed","template":"","meta":[],"_links":{"self":[{"href":"https:\/\/www.anitamanatschal.com\/index.php?rest_route=\/wp\/v2\/pages\/43"}],"collection":[{"href":"https:\/\/www.anitamanatschal.com\/index.php?rest_route=\/wp\/v2\/pages"}],"about":[{"href":"https:\/\/www.anitamanatschal.com\/index.php?rest_route=\/wp\/v2\/types\/page"}],"author":[{"embeddable":true,"href":"https:\/\/www.anitamanatschal.com\/index.php?rest_route=\/wp\/v2\/users\/1"}],"replies":[{"embeddable":true,"href":"https:\/\/www.anitamanatschal.com\/index.php?rest_route=%2Fwp%2Fv2%2Fcomments&post=43"}],"version-history":[{"count":136,"href":"https:\/\/www.anitamanatschal.com\/index.php?rest_route=\/wp\/v2\/pages\/43\/revisions"}],"predecessor-version":[{"id":592,"href":"https:\/\/www.anitamanatschal.com\/index.php?rest_route=\/wp\/v2\/pages\/43\/revisions\/592"}],"wp:attachment":[{"href":"https:\/\/www.anitamanatschal.com\/index.php?rest_route=%2Fwp%2Fv2%2Fmedia&parent=43"}],"curies":[{"name":"wp","href":"https:\/\/api.w.org\/{rel}","templated":true}]}}